{"id":14,"date":"2023-10-08T22:46:22","date_gmt":"2023-10-09T01:46:22","guid":{"rendered":"https:\/\/mensageiroricardo.com.br\/?page_id=14"},"modified":"2025-08-04T11:28:22","modified_gmt":"2025-08-04T14:28:22","slug":"elementor-14","status":"publish","type":"page","link":"https:\/\/mensageiroricardo.com.br\/","title":{"rendered":"A-Mensageiro Ricardo Augusto"},"content":{"rendered":"\t\t<div data-elementor-type=\"wp-page\" data-elementor-id=\"14\" class=\"elementor elementor-14\" data-elementor-post-type=\"page\">\n\t\t\t\t<div class=\"elementor-element elementor-element-7041b55 e-con-full e-flex e-con e-parent\" data-id=\"7041b55\" data-element_type=\"container\" data-e-type=\"container\" data-settings=\"{&quot;background_background&quot;:&quot;classic&quot;}\">\n\t\t\t\t<div class=\"elementor-element elementor-element-41cf9a9 elementor-widget elementor-widget-heading\" data-id=\"41cf9a9\" data-element_type=\"widget\" data-e-type=\"widget\" data-widget_type=\"heading.default\">\n\t\t\t\t<div class=\"elementor-widget-container\">\n\t\t\t\t\t<h2 class=\"elementor-heading-title elementor-size-default\">A Ora\u00e7\u00e3o que Abre Seus Caminhos<\/h2>\t\t\t\t<\/div>\n\t\t\t\t<\/div>\n\t\t\t\t<div class=\"elementor-element elementor-element-8c45116 elementor-widget elementor-widget-text-editor\" data-id=\"8c45116\" data-element_type=\"widget\" data-e-type=\"widget\" data-widget_type=\"text-editor.default\">\n\t\t\t\t<div class=\"elementor-widget-container\">\n\t\t\t\t\t\t\t\t\t<h6 class=\"ng-star-inserted\"><span class=\"ng-star-inserted\"><span style=\"vertical-align: inherit;\"><span style=\"vertical-align: inherit;\"><span style=\"vertical-align: inherit;\"><span style=\"vertical-align: inherit;\"><span style=\"vertical-align: inherit;\"><span style=\"vertical-align: inherit;\"><span style=\"vertical-align: inherit;\"><span style=\"vertical-align: inherit;\"><span style=\"vertical-align: inherit;\"><span style=\"vertical-align: inherit;\"><span style=\"vertical-align: inherit;\"><span style=\"vertical-align: inherit;\"><span style=\"vertical-align: inherit;\"><span style=\"vertical-align: inherit;\">Assista ao v\u00eddeo abaixo para iniciar sua jornada de transforma\u00e7\u00e3o<\/span><\/span><\/span><\/span><\/span><\/span><\/span><\/span><\/span><\/span><\/span><\/span><\/span><\/span><\/span><\/h6>\t\t\t\t\t\t\t\t<\/div>\n\t\t\t\t<\/div>\n\t\t\t\t<div class=\"elementor-element elementor-element-9b73929 elementor-widget elementor-widget-html\" data-id=\"9b73929\" data-element_type=\"widget\" data-e-type=\"widget\" data-widget_type=\"html.default\">\n\t\t\t\t<div class=\"elementor-widget-container\">\n\t\t\t\t\t<!-- C\u00d3DIGO V\u00cdDEO RASTRE\u00c1VEL - 25% e 75% -->\r\n\r\n<!-- 1. Estilos e Cont\u00eainer do V\u00eddeo -->\r\n<style>\r\n  \/* Estrutura base para manter a propor\u00e7\u00e3o 16:9 *\/\r\n  #vimeo-master-container { \r\n    position: relative; \r\n    padding-top: 56.25%; \/* Propor\u00e7\u00e3o 16:9 *\/\r\n    height: 0; \r\n    overflow: hidden;\r\n    width: 100%; \/* Garante que o container ocupe a largura dispon\u00edvel *\/\r\n    background-color: #000; \/* Fundo preto para o caso de algum atraso *\/\r\n  }\r\n  #vimeo-facade { position: absolute; top: 0; left: 0; width: 100%; height: 100%; cursor: pointer; }\r\n  #vimeo-facade img { width: 100%; height: 100%; object-fit: cover; opacity: .9; }\r\n  #vimeo-facade .play-button { position: absolute; top: 50%; left: 50%; transform: translate(-50%, -50%); width: 80px; height: 80px; background-color: rgba(0, 0, 0, .7); border-radius: 50%; display: flex; align-items: center; justify-content: center; pointer-events: none; border: 2px solid #fff; }\r\n  #vimeo-facade .play-button-icon { width: 0; height: 0; border-top: 20px solid transparent; border-bottom: 20px solid transparent; border-left: 35px solid #fff; margin-left: 7px; }\r\n<\/style>\r\n\r\n<div id=\"vimeo-master-container\">\r\n  <div id=\"vimeo-facade\">\r\n    <!-- \u2193\u2193 SUA NOVA IMAGEM DE CAPA \u2193\u2193 -->\r\n    <img decoding=\"async\" src=\"https:\/\/mensageiroricardo.com.br\/wp-content\/uploads\/2025\/07\/abra-seus-caminho-3.jpg\" alt=\"Clique para iniciar o v\u00eddeo\">\r\n    <div class=\"play-button\"><div class=\"play-button-icon\"><\/div><\/div>\r\n  <\/div>\r\n<\/div>\r\n\r\n<!-- 2. API do Vimeo (Necess\u00e1rio) -->\r\n<script src=\"https:\/\/player.vimeo.com\/api\/player.js\"><\/script>\r\n\r\n<!-- 3. Script de Rastreamento (O Cora\u00e7\u00e3o da L\u00f3gica) -->\r\n<script>\r\ndocument.addEventListener('DOMContentLoaded', function() {\r\n  var container = document.getElementById('vimeo-master-container');\r\n  var facade = document.getElementById('vimeo-facade');\r\n\r\n  if (facade) {\r\n    function startVideo() {\r\n      \/\/ Vari\u00e1veis de controle para os eventos\r\n      var videoWatched25 = false; \r\n      var videoWatched75 = false; \r\n      \r\n      \/\/ -- CONTROLE DO FORMUL\u00c1RIO (OPCIONAL) --\r\n      var formShown = false;\r\n      var formDisplayTime = 229; \/\/ IMPORTANTE: Mude aqui em quantos SEGUNDOS o formul\u00e1rio deve aparecer.\r\n      var formContainerId = 'container-formulario'; \/\/ IMPORTANTE: Coloque aqui o ID do container do seu formul\u00e1rio.\r\n      \r\n      var iframe = document.createElement('iframe');\r\n      \/\/ \u2193\u2193 SEU NOVO ID DO V\u00cdDEO \u2193\u2193\r\n      var vimeoVideoId = '1103015548';\r\n      iframe.setAttribute('src', 'https:\/\/player.vimeo.com\/video\/' + vimeoVideoId + '?autoplay=1&dnt=1&title=0&byline=0&portrait=0');\r\n      \r\n      iframe.setAttribute('frameborder', '0');\r\n      iframe.setAttribute('allow', 'autoplay; fullscreen; picture-in-picture');\r\n      iframe.setAttribute('style', 'position: absolute; top: 0; left: 0; width: 100%; height: 100%;');\r\n      \r\n      if (container) {\r\n          while (container.firstChild) { container.removeChild(container.firstChild); }\r\n          container.appendChild(iframe);\r\n      }\r\n\r\n      var player = new Vimeo.Player(iframe);\r\n      player.setVolume(1).catch(function(error) { console.log(\"Erro ao definir volume:\", error.name); });\r\n\r\n      player.on('timeupdate', function(data) {\r\n        \/\/ L\u00f3gica para disparar o evento de 25%\r\n        if (data.percent >= 0.25 && !videoWatched25) {\r\n          window.dataLayer.push({'event': 'video_view_25_percent'});\r\n          videoWatched25 = true;\r\n        }\r\n\r\n        \/\/ L\u00f3gica para disparar o evento de 75%\r\n        if (data.percent >= 0.75 && !videoWatched75) {\r\n          window.dataLayer.push({'event': 'video_view_75_percent'});\r\n          videoWatched75 = true;\r\n        }\r\n\r\n        \/\/ L\u00f3gica para mostrar o formul\u00e1rio (se existir na p\u00e1gina)\r\n        if (data.seconds >= formDisplayTime && !formShown) {\r\n          var formContainer = document.getElementById(formContainerId);\r\n          if (formContainer) {\r\n            formContainer.style.display = 'block'; \r\n            formShown = true;\r\n          }\r\n        }\r\n      });\r\n    }\r\n\r\n    facade.addEventListener('click', startVideo, { once: true });\r\n  }\r\n});\r\n<\/script>\t\t\t\t<\/div>\n\t\t\t\t<\/div>\n\t\t\t\t<\/div>\n\t\t\t\t<\/div>\n\t\t","protected":false},"excerpt":{"rendered":"<p>A Ora\u00e7\u00e3o que Abre Seus Caminhos Assista ao v\u00eddeo abaixo para iniciar sua jornada de transforma\u00e7\u00e3o<\/p>\n","protected":false},"author":1,"featured_media":0,"parent":0,"menu_order":0,"comment_status":"closed","ping_status":"closed","template":"elementor_canvas","meta":{"footnotes":""},"class_list":["post-14","page","type-page","status-publish","hentry"],"_links":{"self":[{"href":"https:\/\/mensageiroricardo.com.br\/index.php\/wp-json\/wp\/v2\/pages\/14","targetHints":{"allow":["GET"]}}],"collection":[{"href":"https:\/\/mensageiroricardo.com.br\/index.php\/wp-json\/wp\/v2\/pages"}],"about":[{"href":"https:\/\/mensageiroricardo.com.br\/index.php\/wp-json\/wp\/v2\/types\/page"}],"author":[{"embeddable":true,"href":"https:\/\/mensageiroricardo.com.br\/index.php\/wp-json\/wp\/v2\/users\/1"}],"replies":[{"embeddable":true,"href":"https:\/\/mensageiroricardo.com.br\/index.php\/wp-json\/wp\/v2\/comments?post=14"}],"version-history":[{"count":680,"href":"https:\/\/mensageiroricardo.com.br\/index.php\/wp-json\/wp\/v2\/pages\/14\/revisions"}],"predecessor-version":[{"id":2860,"href":"https:\/\/mensageiroricardo.com.br\/index.php\/wp-json\/wp\/v2\/pages\/14\/revisions\/2860"}],"wp:attachment":[{"href":"https:\/\/mensageiroricardo.com.br\/index.php\/wp-json\/wp\/v2\/media?parent=14"}],"curies":[{"name":"wp","href":"https:\/\/api.w.org\/{rel}","templated":true}]}}